{"id":36,"date":"2019-03-09T20:12:49","date_gmt":"2019-03-09T20:12:49","guid":{"rendered":"http:\/\/hingilskoots.de\/?page_id=36"},"modified":"2026-01-17T15:22:27","modified_gmt":"2026-01-17T15:22:27","slug":"foerderverein","status":"publish","type":"page","link":"https:\/\/hingilskoots.de\/?page_id=36","title":{"rendered":"F\u00f6rderverein"},"content":{"rendered":"\n<h2 class=\"wp-block-heading\">hingilskoots Scheune Schr\u00f6ck e. V.<\/h2>\n\n\n\n<p>Unser Verein ist ein Zusammenschluss von B\u00fcrgerinnen und B\u00fcrgern, der sich zum Ziel gesetzt hat, die mit viel Eigenleistung umgebaute hingilskoots Scheune in Schr\u00f6ck zu betreiben und zu verwalten. Die Aufgaben des Vereins bestehen insbesondere aus:&nbsp;<\/p>\n\n\n\n<p>\u2022&nbsp;&nbsp; F\u00f6rderung der kulturellen Vielfalt und Tradition im Dorf und in der Region<\/p>\n\n\n\n<p>\u2022&nbsp;&nbsp; Unterst\u00fctzung des sozialen und b\u00fcrgerschaftlichen Engagements f\u00fcr alle Generationen<\/p>\n\n\n\n<p>\u2022&nbsp;&nbsp; Organisation von Veranstaltungsangeboten f\u00fcr private und \u00f6ffentliche Nutzung der Scheune<\/p>\n\n\n\n<p>\u2022&nbsp;&nbsp; Betreiben und Unterhalten der Scheune<\/p>\n\n\n\n<p> \u2022&nbsp;&nbsp; Vermarkten der Scheune&nbsp;<\/p>\n\n\n\n<p>Im Zuge der Dorferneuerung in Schr\u00f6ck hat die Stadt Marburg ein Scheunengeb\u00e4ude in unmittelbarer Nachbarschaft zum bestehenden B\u00fcrgerhaus gekauft, das zwischen 2010 und 2014 unter aktiver Mitarbeit aus dem Ort zu Kulturzwecken umgebaut wurde.&nbsp;<\/p>\n\n\n\n<p>F\u00fcr die Lage im Ortskern sprach neben der guten Erreichbarkeit, dass mit der Umnutzung des Geb\u00e4udes ein entscheidender Schritt in Richtung der Wiederbelebung und nachhaltigen St\u00e4rkung des Ortskerns, ganz im Sinne des Dorfentwicklungsziels \u201eInnenentwicklung vor Au\u00dfenentwicklung\u201c, umgesetzt wurde.&nbsp;<\/p>\n\n\n\n<p>Ab sofort soll die Scheune ein lebendiger, sozialer und kultureller Mittelpunkt in unserem Dorf sein! Im Zentrum der Nutzung stehen die W\u00fcnsche und Pl\u00e4ne der vielen Schr\u00f6cker Vereine und Interessengruppen, die von Anfang an in die Planung mit eingebunden waren. Dar\u00fcber hinaus sind vom F\u00f6rderverein weitere Nutzungen angedacht, um die hingilskoots Scheune zu einem Generationen \u00fcbergreifenden gesellschaftlichen Treffpunkt f\u00fcr die Schr\u00f6cker Bev\u00f6lkerung von Jung bis Alt zu machen.<\/p>\n\n\n\n<h3 class=\"wp-block-heading\">Vorstand<\/h3>\n\n\n\n<figure class=\"wp-block-table is-style-stripes\"><table><tbody><tr><td>1. Vorsitzender<br>2. Vorsitzende<br>Kassierer<br>Schriftf\u00fchrerin<br>Beisitzer\/innen<\/td><td><br><br>Konrad Nahrgang<br>Miriam Bopp<br>Ulrich Dewald<br>Renate Hilberg<br>Sylvia Meyer-Nahrgang, Anita Nahrgang,<br>Peter Viertelhausen<br><\/td><\/tr><tr><td><\/td><td><\/td><\/tr><\/tbody><\/table><\/figure>\n\n\n\n<h3 class=\"wp-block-heading\">Jetzt Mitglied werden<\/h3>\n\n\n\n<div data-wp-interactive=\"core\/file\" class=\"wp-block-file\"><object data-wp-bind--hidden=\"!state.hasPdfPreview\" hidden class=\"wp-block-file__embed\" data=\"http:\/\/hingilskoots.de\/wp-content\/uploads\/2024\/01\/Beitrittserklaerung-2.pdf\" type=\"application\/pdf\" style=\"width:100%;height:600px\" aria-label=\"Einbettung von Beitrittserkl\u00e4rung.\"><\/object><a id=\"wp-block-file--media-25cd4b55-7392-43f0-8ee4-485e8bc684b3\" href=\"http:\/\/hingilskoots.de\/wp-content\/uploads\/2024\/01\/Beitrittserklaerung-2.pdf\">Beitrittserkl\u00e4rung<\/a><a href=\"http:\/\/hingilskoots.de\/wp-content\/uploads\/2024\/01\/Beitrittserklaerung-2.pdf\" class=\"wp-block-file__button wp-element-button\" download aria-describedby=\"wp-block-file--media-25cd4b55-7392-43f0-8ee4-485e8bc684b3\">Herunterladen<\/a><\/div>\n","protected":false},"excerpt":{"rendered":"<p>hingilskoots Scheune Schr\u00f6ck e. V. Unser Verein ist ein Zusammenschluss von B\u00fcrgerinnen und B\u00fcrgern, der sich zum Ziel gesetzt hat, die mit viel Eigenleistung umgebaute hingilskoots Scheune in Schr\u00f6ck zu betreiben und zu verwalten. Die Aufgaben des Vereins bestehen insbesondere aus:&nbsp; \u2022&nbsp;&nbsp; F\u00f6rderung der kulturellen Vielfalt und Tradition im Dorf und in der Region \u2022&nbsp;&nbsp; &hellip; <a href=\"https:\/\/hingilskoots.de\/?page_id=36\" class=\"more-link\"><span class=\"screen-reader-text\">F\u00f6rderverein<\/span> weiterlesen<\/a><\/p>\n","protected":false},"author":1,"featured_media":0,"parent":0,"menu_order":0,"comment_status":"closed","ping_status":"closed","template":"","meta":{"footnotes":""},"class_list":["post-36","page","type-page","status-publish","hentry"],"_links":{"self":[{"href":"https:\/\/hingilskoots.de\/index.php?rest_route=\/wp\/v2\/pages\/36","targetHints":{"allow":["GET"]}}],"collection":[{"href":"https:\/\/hingilskoots.de\/index.php?rest_route=\/wp\/v2\/pages"}],"about":[{"href":"https:\/\/hingilskoots.de\/index.php?rest_route=\/wp\/v2\/types\/page"}],"author":[{"embeddable":true,"href":"https:\/\/hingilskoots.de\/index.php?rest_route=\/wp\/v2\/users\/1"}],"replies":[{"embeddable":true,"href":"https:\/\/hingilskoots.de\/index.php?rest_route=%2Fwp%2Fv2%2Fcomments&post=36"}],"version-history":[{"count":19,"href":"https:\/\/hingilskoots.de\/index.php?rest_route=\/wp\/v2\/pages\/36\/revisions"}],"predecessor-version":[{"id":1163,"href":"https:\/\/hingilskoots.de\/index.php?rest_route=\/wp\/v2\/pages\/36\/revisions\/1163"}],"wp:attachment":[{"href":"https:\/\/hingilskoots.de\/index.php?rest_route=%2Fwp%2Fv2%2Fmedia&parent=36"}],"curies":[{"name":"wp","href":"https:\/\/api.w.org\/{rel}","templated":true}]}}